vided by l.
13
Let f(p) = 7*p + 6. Let j be (8/(-10))/(16/(-40)). Suppose j*c - 5 = 1. Calculate the remainder when f(c) is divided by 7.
6
Let f = -2948 - -3025. Calculate the remainder when f is divided by 13.
12
Let m be (12/9)/(2/69). Suppose 0*u + 5*u + 14 = 2*c, 18 = 5*c - 4*u. Suppose -4*t + m = -c*t. What is the remainder when 42 is divided by t?
19
Suppose 0*l = 2*l - k - 347, -5*k - 196 = -l. Suppose 2*b + 4*i = -i + 113, -4*b = -i - l. What is the remainder when b is divided by 16?
12
Suppose -8 - 32 = -2*g. Suppose 53 = 2*f - j, -3*j - g = -7*j. What is the remainder when f is divided by (-25)/(-3) + (-2)/6?
5
Suppose -2*w - 3*d + 273 = 3*w, -5*d - 134 = -2*w. Let c = -46 - -56. Calculate the remainder when w is divided by c.
7
Suppose 15*w - 588 = -5*w - w. What is the remainder when 1819 is divided by w?
27
Let r be 1*30 + (-38 + 8)/(-6). Suppose -5*o - 2*z + 95 = 0, -r = -o - 2*z - 8. Calculate the remainder when 50 is divided by o.
16
Let l(k) = -4*k**3 + 15*k**2 - 24*k + 26. Let c(b) = 2*b**3 - 5*b**2 + 8*b - 9. Let z(s) = 7*c(s) + 2*l(s). What is the remainder when z(2) is divided by 16?
1
Let z(s) = -s**3 + 12*s**2 + 10*s + 9. Let g be z(13). What is the remainder when 9*(-6)/30*g is divided by 11?
10
Let w be (3/2)/(7/14). Suppose -2*i + 28 = w*d, -3*d - 7 = i - 18. What is the remainder when 29 is divided by i?
12
Suppose -5*d - 5*s - 40 = -25, -5*d - 2*s = 6. Let l = -78 - -137. Calculate the remainder when l/1 - (d + 0) is divided by 30.
29
Let m(x) = -30*x - 148. What is the remainder when m(-6) is divided by 6?
2
Suppose 63*q - 1493 = 7716 + 3013. What is the remainder when q is divided by 6?
2
Let n = 482 - 412. Suppose 454*t - 456*t + n = 0. Calculate the remainder when t is divided by 19.
16
Let f(s) = -12*s + 81. Let p(k) = k**3 + 15*k**2 + 9*k - 40. Calculate the remainder when f(0) is divided by p(-14).
21
Let a(z) = z**2 + 13*z + 232. Let g be a(0). Calculate the remainder when 29 is divided by 3*8*(10 + g/(-24)).
5
Let v = -220 + 271. Suppose 3*r - 108 - 51 = -x, -r = x - v. Calculate the remainder when r is divided by 18.
0
Suppose 82*v - 243200 = 215015 - 114389. Calculate the remainder when v is divided by 70.
63
Suppose 5*m - 691 = -4191. Let d = -663 - m. What is the remainder when 330 is divided by d?
34
Suppose -13*l = -17*l + 108. Suppose -5*v - 5 - 15 = -w, -2*w + 10 = 5*v. Calculate the remainder when l is divided by w.
7
Let q(k) = 12*k - 58. Let m(r) = 11*r - 56. Let j(b) = 3*m(b) - 2*q(b). Calculate the remainder when 74 is divided by j(10).
36
Calculate the remainder when (13861/(-166) + (-2 + 2 - 4))*-30 is divided by 13.
12
Let k(j) = -j**3 + 32*j**2 + 5*j + 226. Let p be k(33). Let f = -666 - p. What is the remainder when f is divided by 3?
2
Let f(r) = -127*r - 1504. Calculate the remainder when 389 is divided by f(-12).
9
Suppose 5*a = -5*h + 3365, 4*h - 1260 = -5*a + 1429. Calculate the remainder when h is divided by 15.
1
Suppose 65*f - 315633 - 246236 = -12*f. Calculate the remainder when f is divided by 20.
17
Let x = 60 + -36. Let l = -33 - 33. Let t = l + 113. Calculate the remainder when t is divided by x.
23
Let v(w) = -333 + 138 - 8*w - 6*w. What is the remainder when v(-30) is divided by 47?
37
Suppose 0 = -2*v - 2*x + 3396, 1194*v = 1199*v - 5*x - 8500. Calculate the remainder when v is divided by 76.
27
Let j = 67 + -67. Suppose j = -4*b + 8 - 0. Let y(t) = 57*t + 3. Calculate the remainder when y(b) is divided by 20.
17
Let t = 94573 + -94544. Suppose 0 = -n - 25 + 106. What is the remainder when n is divided by t?
23
Suppose -51817 = -244*g + 67743. What is the remainder when g is divided by 43?
17
Suppose -z = 2*p - 55 - 118, 3*p + 15 = 0. Let x = z - 178. Calculate the remainder when (2*-1)/((-2)/10) is divided by x.
0
Suppose k + 30 = 43. Suppose 12*z + 157 - k = 0. What is the remainder when 43 is divided by z/(-5 + 1) + 19?
21
Suppose -4*k + 5*v = -1421 + 75, 666 = 2*k + v. Calculate the remainder when k is divided by 19.
11
Suppose -138 = 2*r - 0*r. Suppose 121 = 9*b + 364. Let v = b - r. Calculate the remainder when v is divided by 11.
9
Suppose 12*a + 48 = 528. Let s = a - 23. What is the remainder when s is divided by 12?
5
Suppose -24*u + 3760 = 73*u - 3418. What is the remainder when 4041 is divided by u?
45
Suppose -2*d = -v + 1064, 3*v - 4234 = -v - 3*d. Suppose -v = -30*u - 70. Calculate the remainder when u is divided by 17.
16
Let x = -136 - -148. Calculate the remainder when (1 + 0)/((-52)/(-1768)) is divided by x.
10
Let f(a) = -2*a**3 + 7*a**2 + 24*a - 8. Let o be f(7). Let x = o + 74. Let y = x - -111. Calculate the remainder when 7 is divided by y.
1
Suppose -11*q + 16*q = 85. Suppose 2*w = -2*f - w + 32, f = -2*w + q. What is the remainder when 228 is divided by f?
7
Calculate the remainder when (((-176085)/86)/(-91))/((-3)/(-202)) is divided by 167.
12
Suppose -o + 112 = 3*m - 3*o, 4*m + 2*o = 140. Suppose -50*g + 47*g = -m. Let u = 3 + 41. Calculate the remainder when u is divided by g.
8
Let m(v) = 12*v + 5. Suppose 0 = -3*b + 17 + 19. Suppose -13*u + 194 = b. Calculate the remainder when m(4) is divided by u.
11
Suppose -2254 = -2*g - 8*v, 4*g + v = 7*g - 3303. What is the remainder when g is divided by 23?
22
Suppose -27*b + 9702 + 4770 = 0. Suppose 212 = 11*x - b. Calculate the remainder when 473 is divided by x.
65
Let f be 9/(-15)*5*-2. Suppose -f*h - 1 = -5*h. What is the remainder when (-350)/(-14) + h + 5 is divided by 15?
14
Let o = -235 + 240. Suppose 0 = -3*d - 2*f + 44, 4*f - 75 = -o*d + f. What is the remainder when d is divided by 8?
2
Let p = 1484 + -1482. Let w = 12 - 6. Suppose 0 = -4*f - 5*r + 83, -p*f + 37 = r - w. Calculate the remainder when f is divided by 13.
9
Let b = -3444 + 3589. What is the remainder when 161 is divided by b?
16
Suppose 0 = -4*h - 18 + 50. Let b = -151 - -147. What is the remainder when -3 + (-66)/(b + 1) is divided by h?
3
Let t = 558 + -560. Calculate the remainder when (-2)/4*(1 + -145 + t) is divided by 5.
3
Let i(t) = t**3 + 15*t**2 + 7*t + 9. Let h(z) = 7*z + 85. Let a be h(-13). Calculate the remainder when i(a) is divided by 21.
18
Suppose -67 + 59 = 12*y - 320. What is the remainder when 194 is divided by y?
12
Let b = -189 + 349. Suppose 1881 = 8*s - 807. Let w = -309 + s. Calculate the remainder when b is divided by w.
25
Suppose p + 2*j - 1533 = 0, -64*j - 3057 = -2*p - 59*j. What is the remainder when p is divided by 758?
15
Suppose 2070 = -24*j - 8260 + 92770. Calculate the remainder when j is divided by 9.
6
Suppose 3*o = -0*p - 5*p + 86, 0 = -3*o + 3*p + 78. Calculate the remainder when (-2)/o + (-137280)/(-891) is divided by 16.
10
Let h = 6763 + -5963. Calculate the remainder when h is divided by 29.
17
Suppose 0 = -205*u + 69981 + 16324. Calculate the remainder when u is divided by 141.
139
Calculate the remainder when 2/10 + (-2502)/(-15) is divided by (5 - -5)*(518/60 + 30/(-225)).
82
Let z = -264 - -279. Suppose q = 1 + 8. Let f = z - q. What is the remainder when 6 is divided by f?
0
Let r = -324 + 342. Let j = 43 - 4. Calculate the remainder when j is divided by r.
3
Let a = -821 + 1441. Suppose -613*g = -a*g + 182. Calculate the remainder when 152 is divided by g.
22
Let f be (6/6)/(2/166). Suppose -z - 4*v + 20 = -10, f = 3*z + 5*v. Calculate the remainder when 3780/25 + 4 - 3/15 is divided by z.
25
Let r = -3234 - -4333. What is the remainder when r is divided by 100?
99
Let k(g) be the third derivative of -13*g**4/24 + 5*g**3/2 + 13*g**2. Calculate the remainder when 45 is divided by k(0).
0
Let s(z) = -z**3 + 20*z**2 + 19*z + 49. Let u be s(21). Calculate the remainder when 403 is divided by 8 - (-32)/((-56)/u).
3
Suppose 4*m - 675 = -5*h, 89*m - 3*h = 87*m + 321. Calculate the remainder when m is divided by 62.
41
Let q be 12/8 + 4/8. Suppose -4*f = -x + 17, -2*x - 2*x + q*f + 68 = 0. Calculate the remainder when 48 - (24/(-6) + 3) is divided by x.
15
Let d(p) = 748*p - 602. Calculate the remainder when d(2) is divided by 18.
12
Suppose -3*r + 10 = z - 24, 5*z - 170 = r. What is the remainder when 63 is divided by z?
29
Suppose -154 = -j - j + 4*p, 0 = 4*j + 5*p - 373. Suppose 16*o = 9*o + 91. Calculate the remainder when j is divided by o*(-3 + 1 + 9/3).
9
Let z(r) = 2*r**3 +